3*n + 2. Let s be z(1). Let t(y) = 3*y - 2. What is t(s)?
4
Let f(q) = -2*q**3 - 14*q**2 - 21*q - 11. Let j(u) = u**3 + 7*u**2 + 10*u + 6. Let y(k) = -3*f(k) - 7*j(k). Determine y(-6).
-3
Let f(i) be the third derivative of i**5/60 - i**4/8 - i**3/3 - 13*i**2. Calculate f(3).
-2
Let p(z) be the third derivative of z**5/6 + z**4/24 + z**3/6 + 45*z**2. Suppose 3*s = 2*j + 5, 17 = -s - 4*j - 0*j. Give p(s).
10
Let u(g) = -g. Let w(l) be the first derivative of l**4/4 - l**3 + l + 3. Let y(m) = -5*u(m) - w(m). Let n = 8 + -4. Give y(n).
3
Suppose -1 = -c + 2*g + 12, -2*g - 19 = -3*c. Let i(k) = -2*k**2 - 5*k + 11. Let s(v) = -v**2 - 2*v + 5. Let u(m) = -2*i(m) + 5*s(m). Give u(c).
-6
Let a(n) = n**2 - 1. Let g(v) = -4*v**2 - 5*v + 10. Let d(x) = -5*a(x) - g(x). Let h = 54 + -48. Give d(h).
-11
Let r(i) = -i - 2. Suppose 4*s + 2*g - 18 = 5*g, -3*s = -5*g - 8. Suppose -6 - s = 4*t. Calculate r(t).
1
Let q(d) = d**3 + 6*d**2 + 4*d. Suppose -2*j + 30 = -8*j. Determine q(j).
5
Let s be -6*-2*1/(-6). Let g be ((-6)/(-4))/((-1)/s). Let j(o) = o + 2*o**2 - 4 + 4 + 11*o**g - 4*o**2. Calculate j(1).
10
Let f(z) be the third derivative of z**9/60480 + z**8/10080 + z**5/15 - 2*z**2. Let i(t) be the third derivative of f(t). Give i(-3).
-9
Let n(s) = -s**3 + 4*s**2 + 5*s + 3. Suppose -6*o - 35 = -13*o. What is n(o)?
3
Let m(b) = 3 - 1 + 0*b**2 - b**2. Let i(c) = c**3 - 5*c**2 + 4*c + 5. Let g be i(4). Suppose -4*y + 3*y - 7 = -g*w, 6 = 2*y. Determine m(w).
-2
Let f(k) = 2*k + 0*k**2 + 5*k + 1 - 3*k**2 - 6*k. Determine f(-1).
-3
Suppose 0 = -q - q + 4. Suppose 0 = q*i - 12 - 8. Let c = -6 + i. Let r(g) = -g**2 + 4*g. What is r(c)?
0
Suppose 15*z + 30 = -0*z. Let a(h) = -10*h + 2. Give a(z).
22
Let m(f) = -2*f**2 + 7*f + 5. Let h(u) = u**2 - 3*u - 2. Let r(i) = -5*h(i) - 2*m(i). Let t = 0 + 0. Calculate r(t).
0
Suppose -3*p + 69 = -h - 22, 0 = -p - h + 37. Let y be 16/p*-2*1. Let k(z) be the third derivative of z**4/6 - z**3/6 - z**2. Determine k(y).
-5
Let h(n) = -3 - 2*n**2 - 4*n - 3*n + 5*n**2 + n**3 + 3*n. Determine h(-3).
9
Let u(z) = 5*z - 6 - 3*z + 0. Let y(x) be the first derivative of -x**2/2 + 4*x - 3. Let v(c) = -5*u(c) - 8*y(c). What is v(-5)?
8
Let l(r) = -r**3 + 3*r**2 - r. Let p(f) = f + 1. Let m be (15/6 + -2)*0. Let u be p(m). Determine l(u).
1
Let l(n) be the second derivative of -5/2*n**2 + 0 + n**3 - 5/12*n**4 + 4*n + 1/20*n**5. What is l(4)?
3
Let f(i) = 2*i + 3. Suppose 15 = -s - 3*l, -5*s = 4*l + 19 + 12. What is f(s)?
-3
Let v be (-2)/6 + -2 + (-78)/(-18). Let c(m) be the second derivative of 0 + 1/6*m**3 - 7/2*m**v - 2*m. Give c(5).
-2
Let f(k) = 1 + 0*k + 0*k**2 + k - k**2. Let b(v) = v**3 + v**2 - 2*v - 6. Let q(u) = -b(u) - 2*f(u). Give q(0).
4
Let s(n) = -11*n**3 + 1. Let m be s(-1). Suppose -4*o + 4 + m = 0. Suppose -2*u + 6 + o = 0. Let p(t) = -t**3 + 6*t**2 - 5*t - 4. What is p(u)?
-4
Let q(t) = t**3 + t**2 - t - 10. Let v(b) = -b**2 - 17*b + 38. Let a be v(-19). Give q(a).
-10
Let i(f) = -5*f - 4. Let v(b) = -b - 1. Let y(s) = -3*i(s) + 12*v(s). Give y(1).
3
Let d be 2*((-28)/8 + 2 + 4). Let w(i) = -i + 11. Give w(d).
6
Let b = -4 - -2. Let g(i) = 0*i**3 + i - 5*i**2 + 3 - 2 - 2*i**3 - i**3. Let x(c) = 4*c**3 + 5*c**2 - c - 1. Let h(r) = b*x(r) - 3*g(r). Determine h(-5).
4
Let l(t) = -t + 10. Let n(p) = -p**3 - p**2 + 4*p. Let w be n(-3). What is l(w)?
4
Let x(b) = 2*b. Let a(o) = o. Let v(y) = -5*a(y) + 2*x(y). Let j = -23 + 19. Give v(j).
4
Let r(u) = -u**2 + 6*u - 2. Let h(v) = -v**2 + 5*v - 1. Let s(m) = 5*h(m) - 4*r(m). Let q be s(3). Let d(a) = -a - 6. Give d(q).
-3
Let o(z) = -17 + 7 + 8*z + z**2 - 2*z**2. Calculate o(7).
-3
Suppose 0 = -r - 2*r + 4*j + 3, j = -5*r - 18. Let h(a) = a + 4. Determine h(r).
1
Suppose 5*h = 10, -4*h - 4 = 2*f - 0*h. Let i = f + 7. Let n(v) = -9*v**2. Calculate n(i).
-9
Let n(i) be the second derivative of 9*i**5/20 - i**4/12 - i**3/6 - i**2/2 + 22*i. What is n(-1)?
-10
Let k(p) be the first derivative of p**7/210 - p**5/60 + p**4/24 - p**3/3 - 1. Let a(j) be the third derivative of k(j). What is a(1)?
3
Let u(j) = 5 - 11*j - j**2 + 4*j + 3*j. Give u(-4).
5
Suppose 4*p + 3*f = 5, -2*p + 0*f - f + 1 = 0. Let k(z) = z**2 - z. Let u(s) = -3*s**2 + 6*s - 1. Let n(i) = p*u(i) - 5*k(i). Determine n(1).
-2
Let a(y) be the third derivative of -y**7/5040 - y**6/180 + y**5/20 - 3*y**2. Let s(o) be the third derivative of a(o). Determine s(3).
-7
Let z(p) = 4*p + 1. Let m = 6 + -6. Suppose m = 5*y - 8 - 2. Suppose 2*s + y = -0*s. What is z(s)?
-3
Let m(u) = u - 1. Let x(n) = n - 3. Let a be x(5). Let v = -3 - a. Determine m(v).
-6
Let b(u) = 13*u**3 + 12*u**2 - 7*u - 18. Let m(z) = -7*z**3 - 6*z**2 + 3*z + 9. Let l(i) = 6*b(i) + 11*m(i). Calculate l(-7).
5
Suppose -3*p = 3*g - 54, -3*p + p - 5*g = -45. Suppose 0*a + p = -3*a. Let x(y) be the third derivative of y**5/60 + y**4/4 + 2*y**3/3 - y**2. Give x(a).
-1
Let o(r) = 3*r - 6. Suppose -3*a + 8 = -4. Let y be o(a). Let i(v) = v**3 - 7*v**2 + 9*v - 9. What is i(y)?
9
Let h(m) = m**3 + 3*m**2 - 5*m + 3. Let i(g) = -g**3 - 11*g**2 - 9*g + 13. Let r be i(-10). Suppose p + r = -1. Calculate h(p).
7
Suppose 3*f + 0*f + i - 8 = 0, 0 = -f + i. Let x(g) = -2*g + 1 + f + 3 - 8. Calculate x(-3).
4
Let s(x) = 4*x - 3. Let d(t) = 2 - 3*t - 2*t + 2*t. Let g(f) = -3*d(f) - 2*s(f). Give g(-4).
-4
Let y(g) = -6*g**2 + 4*g - 1 - g**2 + 14*g**2 - 8*g**2. Suppose 5*t + 0*w = w + 15, -4*w - 28 = -4*t. Suppose -5*m + 2*m = -5*h, 4*m = t*h + 14. Give y(m).
-6
Let o(h) be the first derivative of h**4/4 - 7*h**3/3 + 5*h**2/2 + 6*h + 1. Suppose 10*n + 64 = 124. Calculate o(n).
0
Suppose 24 = 3*j + p, j = -p + 4 + 6. Let b(c) = -c**2 + 7*c + 1. Determine b(j).
1
Let q(i) = 3*i**2 - 4*i + 2. Let y be 5 - (0 - (1 + -4)). Give q(y).
6
Let g(d) be the third derivative of d**6/120 - d**5/30 - d**4/6 + d**3/2 + 25*d**2. What is g(3)?
0
Let i(u) = u**2 + 1. Let g(o) = o**2 - 6*o + 1. Let q be g(6). Let h = q + -2. Determine i(h).
2
Suppose -c = -4*c - 12. Let v(h) = h**2 + 2*h - 5. Let l be v(c). Let p(a) be the first derivative of a**4/4 - 2*a**3/3 - 2*a**2 + 3*a + 1. What is p(l)?
0
Let h = -22 - -15. Let t = 5 + h. Let d(j) = j**3 + 3*j**2 + 2*j + 3. Determine d(t).
3
Let o(z) = -2*z - 2. Let m be o(-7). Suppose -p - s = -3 + 9, -2*p - m = -s. Let n(v) = -v - 10. Determine n(p).
-4
Let g be ((-84)/(-16))/(1/4). Suppose 0 = -2*n - 5*r - 14 - 13, -r - g = 3*n. Let t(m) = m**3 + 5*m**2 - 5*m + 3. Let j be t(n). Let b(i) = -i. Give b(j).
3
Let o(m) be the second derivative of m**3/6 - 9*m. Give o(1).
1
Let n(k) = k**2 - k + 1. Let g(a) = 8*a**2 - 8*a + 2. Let f(o) = g(o) - 6*n(o). Determine f(3).
8
Let a(d) = -2 + 0*d + 0*d**3 + 4*d**2 - d**3 - 2*d - 3*d**2. What is a(-2)?
14
Let i(m) = -m**2 + m - 2. Let h be (-22)/(-2 + 0) - 0. Suppose f - 3*k + h = 2*k, 0 = -f + k + 1. Suppose -f*c - 20 = 4*r, 4*r - 10 = 2*r + 2*c. Determine i(r).
-2
Let z = -10 + 9. Let a(b) = 2*b - 1. What is a(z)?
-3
Let v(m) = -m**2 + 6*m - 1. Let h(p) = -p - 1. Let n be h(-5). Determine v(n).
7
Let q(b) = b**2 - 11*b + 1. Let m be q(11). Let a(f) = f**3 - 2*f**2 + f. Calculate a(m).
0
Let d = -2 - -8. Let p(m) = -2*m + m + 3 + d. Calculate p(7).
2
Let y(w) = -3*w - 3. Let m(a) = -2*a - 4. Suppose 5*r - 4 - 11 = 0. Let s(o) = r*y(o) - 4*m(o). Determine s(0).
7
Let n(k) = -36*k + 4 + 20*k + 15*k. Suppose 4*o + o - 15 = 0. What is n(o)?
1
Let b(t) = 3*t + 8. Suppose -3*u = 2*u + 2*i + 32, 4*u + 2*i = -26. What is b(u)?
-10
Let v be (-25)/(-10) + (-9)/6. Let a(k) be the second derivative of -5*k**4/12 - 2*k. What is a(v)?
-5
Suppose 16 = -2*o + 5*a, 2 = -5*o - 2*a - 9. Let i(x) = 2*x**2 + 3*x - 3. Let c be i(o). Let s(y) = y**2 - 6*y - 1. Give s(c).
-1
Let j(n) = -7*n**2 + 9. Let y(q) = -11*q**2 + 14. Let a(p) = -8*j(p) + 5*y(p). Let k(d) = -2*d - 6. Let t be k(-5). Let i be (-1)/(2/t) - 1. Calculate a(i).
7
Let r(c) = -c**2 - 3*c + 4. Let m be r(-3). Suppose 2*z + 0*z + 2 = 4*w, -4*z = -m*w - 8. Let n(x) = x**2 - 2*x + 3. What is n(w)?
6
Let c = 14 - 12. Suppose 3*l = -5 + c. Let h(p) = 4*p + 1. Calculate h(l).
-3
Suppose -5*n - 1 - 19 = 0. Let y(f) = f**3 + 3*f**2 - 4*f + 4. Determine y(n).
4
Let j(y) = -y**2 - 4*y - 6. Let h = 1 + 0. Suppose 0 = 6*t - 3*t - 15. Suppose -5*u = -t*f - 4 - h, -11 = 4*u - f. Dete